 154 + 0 = t. Is q a prime number?
False
Suppose -h = 5*k - 1320, 3*k - 68 - 746 = -5*h. Is k a prime number?
True
Let r = 8 + -10. Let d(a) = -5*a + 1. Is d(r) a composite number?
False
Let i = 2243 - 621. Is i prime?
False
Let g(w) = -25*w - 3. Let a(v) = -v - 10. Let z be a(-6). Is g(z) composite?
False
Let q = 1541 - 6. Is q a composite number?
True
Suppose -3 - 1 = j, 0 = 3*q - 4*j - 376. Is q + 1 - 4/2 prime?
False
Suppose 5*w + 38 = -2. Let j be (-12)/(-16) + 302/w. Let d = j - -92. Is d prime?
False
Suppose 194 = -0*d + 2*d. Is d composite?
False
Let r(c) = 2*c**2 - 3*c + 1. Let w be r(2). Suppose 3*x - w*o - 366 = -15, 5*o = 3*x - 355. Suppose 5*l - x = -0*l. Is l a prime number?
True
Let v(t) = 2*t - 10*t + 6 - 4 - 3. Is v(-6) composite?
False
Is 42889/13 - 28/182 a composite number?
False
Let b(o) = 2*o**2 - 2*o - 1. Let y be b(2). Let v be (-4)/(-6)*(6 - y). Suppose -3*w = -0*w - 15, 25 = v*u - w. Is u prime?
False
Suppose -696 = -5*v + 2*t, -5*v + 91 = -4*t - 601. Let y = v - 51. Is y a composite number?
False
Suppose -393 = -w + 2450. Is w a prime number?
True
Suppose -6326 = -4*k - 4*m + 11350, -2*k = m - 8836. Is k prime?
False
Is 4/18 + ((-45165)/(-27) - 2) a prime number?
False
Let k be (-2 + 1)/(3/(-24)). Suppose 7*n - k*n + 2 = 0. Suppose -4*q - n*o - 2*o = -752, -4*o - 12 = 0. Is q composite?
False
Suppose p - 810 = -91. Is p prime?
True
Suppose 0 = 4*g + 412 + 796. Let b = -183 - g. Is b composite?
True
Let o = 461 - 259. Let m = o + -119. Is m composite?
False
Let p(f) = -f**2 + 5*f - 2. Let s be p(4). Suppose s*x + 15 = -5. Let r = 29 + x. Is r a composite number?
False
Suppose 21 = -m + 164. Is m a prime number?
False
Let h(a) = 2*a**2 - 2*a - 3. Suppose -5*l - 15 = 5*o, 0 = 3*o - 0*l - l + 25. Let j(u) = -u - 2. Let r be j(o). Is h(r) prime?
True
Let g(q) = 10*q**2 - 2*q + 11. Let a be g(6). Let u = a + 596. Is u a prime number?
False
Let f be 56/(-10)*(2 + 3). Let b = 21 - f. Is b a composite number?
True
Suppose g + 2 = 2*g, t + g + 18 = 0. Let s = 4 + -6. Is s/10 - 764/t prime?
False
Let z(o) = o**3 + 4*o**2 - 2*o - 6. Let g be z(-4). Let q(m) = m**g + 2*m + 4 - 7 - 7. Is q(-7) a prime number?
False
Let m(f) = -f**3 + 6*f**2 - 5*f + 3. Let w be m(5). Suppose 7*n = 2*n + 55. Suppose -4*z = -w*z - n. Is z composite?
False
Let x be -53 - (-2 + -4 + 3). Let v = 161 - x. Is v a composite number?
False
Let u be ((-8)/(-20))/(1/995). Let q = 159 + u. Is q a prime number?
True
Is ((3 - 106) + 2)*-7 composite?
True
Let n(w) be the third derivative of -w**5/60 + 19*w**3/6 - 3*w**2. Is n(0) a composite number?
False
Let b be (-1)/(((-12)/(-3))/804). Is b/12*(2 + -46) a composite number?
True
Suppose -3*z + 7 = -2. Suppose -3*j + 4 = -q, 7*j - 3*j + z*q + 12 = 0. Suppose -3*v - 59 = -c + 29, -v - 3 = j. Is c a composite number?
False
Suppose 3*o = -2*i + 423, 0 = -0*i - i. Suppose -o = -f - 2*f. Is f a prime number?
True
Let m = 6 - 6. Suppose -5*j + m*j = -415. Is j composite?
False
Let g(o) = 317*o**3 - o**2 + 1. Let h be g(1). Suppose -2*j = 10, 0 = -2*r - 3*j - 156 - 139. Let z = h + r. Is z a composite number?
True
Suppose -1151 = 5*n - 3661. Is n a prime number?
False
Is 67*2/(-8)*-4 prime?
True
Suppose 8*o - o = 2877. Is o prime?
False
Let b(f) = 2*f + 1. Let m be b(2). Is (m + -2)/(-3) - -22 composite?
True
Suppose 2*k = -3*c + 3459, -3*k = -c + 5*c - 4613. Is c prime?
True
Let v = 4 + -2. Suppose 0 = -0*n - n - 2*o - 4, 4*n = v*o + 34. Let h = -3 + n. Is h a prime number?
True
Let w(a) = -a - 3. Let v be -1*(-9)/(-3) + -2. Let g be w(v). Let p(c) = 10*c + 1. Is p(g) composite?
True
Let a be 0 - -46 - (8 - 5). Let y = a - -106. Is y prime?
True
Let n(k) = 2*k**3 - 2*k**2 - 2*k - 1. Let h be n(-1). Let x = h + 152. Is x a prime number?
True
Let x be (22/33)/(4/7782). Suppose -5*n + x - 242 = 0. Is n a prime number?
True
Suppose -4*g + 5*z = -28, -3*z = 3*g - 4*g + 14. Let y(r) = 2*r**3 - r**2 - 4*r + 3. Is y(g) a prime number?
True
Let q be 6/(-27) + (-2)/(-9). Suppose 0 = -3*p - 5*z + 792, -2*z + 1301 = 5*p - q*z. Is p prime?
False
Let y(k) = -k**3 + 7*k**2 + 6*k - 9. Is y(7) a prime number?
False
Suppose 3*y - 1048 + 247 = 3*i, 3*i = -3*y - 813. Let l = 33 - i. Suppose l - 6 = 4*x. Is x a composite number?
True
Suppose -3*b + 418 = -41. Let a(h) = h**3 - 6*h**2 - 6*h - 2. Let o be a(7). Suppose -p + o*m + 64 = 0, 2*p - 3*m + 60 - b = 0. Is p a composite number?
True
Suppose -2*k + 111 = 5*f, -2*k - k = f - 134. Let d = k + 366. Is d a composite number?
False
Let g(j) be the second derivative of -145*j**3/6 + 6*j. Is g(-1) a prime number?
False
Suppose 4*r - r - 12 = 0. Let b be -1 + r + 4 + -4. Let l(h) = 2*h**3 + 1. Is l(b) prime?
False
Let u be 4/4 - (-181)/1. Suppose -2*w = -0*w - u. Is w prime?
False
Let q(a) = -83*a - 3. Let z(o) = 42*o + 1. Let r(m) = 4*q(m) + 9*z(m). Is r(2) a prime number?
True
Suppose 6*r - 4*r + 16 = 0. Let q(l) = l**3 + 8*l**2 - l - 2. Let m be q(r). Let i = 45 - m. Is i a prime number?
False
Let u = 11 + -11. Is 2 + u - (-2055)/5 a composite number?
True
Let u(s) be the third derivative of -5*s**4/12 - s**3/6 + 3*s**2. Is u(-2) a prime number?
True
Suppose q - 82 = 121. Is q composite?
True
Is 2*(-2)/4 - -144 prime?
False
Suppose 0 = 2*h - 7*h + 20. Suppose 228 = 2*m - 2*w, 2*m - 136 = -2*w + 80. Suppose h*l = l + m. Is l prime?
True
Suppose 2*b - 862 = 952. Is b a prime number?
True
Suppose 14*a - 4*a - 8310 = 0. Is a a prime number?
False
Suppose 0 = -2*y + 6, 2*m - 3 = 2*y + 489. Is m composite?
True
Suppose -5*a - p = -69, -2*a - 3*p + 18 = -5*p. Suppose -a = -5*j - n, j + 16 = 3*j - 5*n. Suppose v + v - 42 = -4*q, -j*q + 3*v = -27. Is q prime?
False
Let l(w) = -w**3 + 4*w**2 + w + 1. Let t be l(4). Suppose -7 - t = 4*c. Let x = c - -22. Is x composite?
False
Suppose 0 = 5*h - 4*n - 502, -137 = -3*h - 2*n + 151. Let x = h - 45. Is x composite?
False
Let t = 0 + 4. Suppose -t*u + 427 = -609. Is u composite?
True
Suppose -3*m = -2*m - 2. Suppose m*u + 0*u = 62. Is u a prime number?
True
Suppose j = -4*j - 2*y + 4257, 2*j + 4*y = 1690. Is j composite?
False
Suppose 4*q - 3*q = 6. Is q/9*(-1005)/(-10) composite?
False
Let h be (-76)/(-16) + 3/(-4). Suppose -2530 = -3*i - 5*k - 85, 4*i = h*k + 3260. Is (-4)/(-2)*i/10 a composite number?
False
Let z = -2 + 10. Let h = -5 + z. Suppose 5*q = -4*x + 7, -2*x + h*q = -0*q - 9. Is x a prime number?
True
Suppose -4 + 14 = 5*o. Suppose o*w - 4 = -0*w. Suppose w*g - 37 = 33. Is g prime?
False
Suppose 0 = l + 356 - 1011. Is l a composite number?
True
Is 2/(-8)*1*-1244 a composite number?
False
Let h(y) = -6*y + 7. Let a(p) = -3*p + 3. Let k(i) = 5*a(i) - 2*h(i). Suppose -j = -3*j + 4*w - 16, 4*j = 3*w - 27. Is k(j) composite?
False
Let a(g) = 4*g - 5. Suppose 0*m + 5 = m. Is a(m) a prime number?
False
Let j(b) = 3269*b. Is j(1) composite?
True
Let r be 6/15 - 1496/(-10). Let i = r - 19. Is i a composite number?
False
Let x(q) = -q**2 - 2*q**2 - q**3 + 10*q - q**2. Is x(-7) composite?
True
Suppose 5 = t - r, -7*t + 5*r + 21 = -4*t. Let o(i) = 38*i**2 + 3*i - 3. Is o(t) a prime number?
False
Let u be ((-20)/(-6))/(1/12). Let d = 7 + u. Is d composite?
False
Let w = 74 - 21. Is w composite?
False
Suppose 2*w - 4*w + 282 = 0. Is w a composite number?
True
Let x(c) = -c + 8. Let w be x(10). Let p = w - -39. Is p composite?
False
Suppose 3*r = -5*x - r + 10, -4*x - 4*r + 12 = 0. Let n(m) = -107*m - 3. Is n(x) a composite number?
False
Suppose -v - 24 = -3*d + 4*v, -3 = v. Suppose -2*i = -i - d. Suppose -i*l = 8 - 101. Is l a prime number?
True
Let w = 1 + 3. Let x = -4 + w. Suppose 4*q + q - 565 = x. Is q prime?
True
Suppose 0 = 3*g - 592 - 32. Let c(l) = l**3 + 6*l**2 - 7*l + 4. Let j be c(-7). Suppose 3*k - g + 49 = -i, 5*k - j*i = 265. Is k a prime number?
True
Suppose 0 = 2*q - 0*q - 56. Suppose -5*c + 27 + q = 0. Let n = 18 - c. Is n a prime number?
True
Let k(a) = a - 5. Let j be k(5). Let f(n) = 7*n**2 - 1 + j - n + 6*n. Is f(-5) composite?
False
Is 19788/8 - 2/4 a prime number?
True
Let u = 494 - 194. Suppose -5*o - 2*s + u = 0, -2*o = -o - 4*s - 82. Suppose -4*t + 2*t = -o. Is t a composite number?
False
Let q = 22 + -15. Let c(w) = 5 - 3*w**2 - 2*w**2 - 9*w + 8*w**2. Is c(q) composite?
False
Let s(j) be the first derivative of j**2/2 + 3*j - 